{"id":183,"date":"2015-01-20T00:39:24","date_gmt":"2015-01-20T00:39:24","guid":{"rendered":"http:\/\/pexetothemes.com\/demos\/story_demos\/business\/?page_id=5"},"modified":"2022-06-06T11:49:57","modified_gmt":"2022-06-06T14:49:57","slug":"home","status":"publish","type":"page","link":"http:\/\/portoponto.com.br\/website\/","title":{"rendered":"Home"},"content":{"rendered":"<div class=\"section-full-width section-light\" style=\"background-color:#f7f7f7;\" id=\"portoponto\"><div class=\"section-boxed\" style=\"color:#777777;\"><h4 style=\"color:#252525;\" class=\"sub-title\">Somos a<\/h4><h2 class=\"section-title\" style=\"color:#252525;\">PortoPonto<\/h2><\/p>\n<h5 style=\"text-align: center;\">Atuamos a 28 anos em todo o territ\u00f3rio Nacinal, honrando seus compromissos e formando novas parcerias.<\/h5>\n<h5><\/h5>\n<div class=\"services-wrapper services-icon cols-wrapper cols-3 pexeto-parallax\"><div class=\"services-box col\"><div class=\"img-container\"><img decoding=\"async\" src=\"http:\/\/portoponto.com.br\/website\/wp-content\/uploads\/2022\/05\/project_report_icon-130x130.png\" alt=\"Consultorias e Projetos\"\/><\/div><div class=\"services-content\"><div class=\"sc-wraper\"><h3>Consultorias e Projetos<\/h3><p>Trabalhamos a 28anos na execu\u00e7\u00e3o de projetos pr\u00f3prios e de consultores terceiros.<br>\r\nDurante essa jornada absorvemos conhecimento nas mais diversas \u00e1reas e seguimentos.<br>\r\nEstamos aptos para auxili\u00e1-los em sua necessidade.<\/p><\/div><\/div><\/div><div class=\"services-box col\"><div class=\"img-container\"><img decoding=\"async\" src=\"http:\/\/portoponto.com.br\/website\/wp-content\/uploads\/2022\/05\/partnership_team_icon-130x130.png\" alt=\"Implanta\u00e7\u00e3o\"\/><\/div><div class=\"services-content\"><div class=\"sc-wraper\"><h3>Implanta\u00e7\u00e3o<\/h3><p>Nossas implanta\u00e7\u00f5es respeitam os projetos recebidos, com as built, detalhamento, treinamentos e acompanhamentos p\u00f3s implanta\u00e7\u00e3o.<\/p><\/div><\/div><\/div><div class=\"services-box col nomargin\"><div class=\"img-container\"><img decoding=\"async\" src=\"http:\/\/portoponto.com.br\/website\/wp-content\/uploads\/2022\/05\/process_graph_icon-130x130.png\" alt=\"Processos de trabalho\"\/><\/div><div class=\"services-content\"><div class=\"sc-wraper\"><h3>Processos de trabalho<\/h3><p>Nossas atividades t\u00e9cnicas s\u00e3o executadas por profissionais altemente capacitados e gerenciadas e oreintadas \u00e0 resultados. <\/p><\/div><\/div><\/div><div class=\"clear\"><\/div><\/div>\n<p>\n<\/div><\/div>\n","protected":false},"excerpt":{"rendered":"","protected":false},"author":1,"featured_media":0,"parent":0,"menu_order":0,"comment_status":"open","ping_status":"open","template":"template-full-custom.php","meta":{"footnotes":""},"class_list":["post-183","page","type-page","status-publish","hentry"],"_links":{"self":[{"href":"http:\/\/portoponto.com.br\/website\/wp-json\/wp\/v2\/pages\/183","targetHints":{"allow":["GET"]}}],"collection":[{"href":"http:\/\/portoponto.com.br\/website\/wp-json\/wp\/v2\/pages"}],"about":[{"href":"http:\/\/portoponto.com.br\/website\/wp-json\/wp\/v2\/types\/page"}],"author":[{"embeddable":true,"href":"http:\/\/portoponto.com.br\/website\/wp-json\/wp\/v2\/users\/1"}],"replies":[{"embeddable":true,"href":"http:\/\/portoponto.com.br\/website\/wp-json\/wp\/v2\/comments?post=183"}],"version-history":[{"count":20,"href":"http:\/\/portoponto.com.br\/website\/wp-json\/wp\/v2\/pages\/183\/revisions"}],"predecessor-version":[{"id":392,"href":"http:\/\/portoponto.com.br\/website\/wp-json\/wp\/v2\/pages\/183\/revisions\/392"}],"wp:attachment":[{"href":"http:\/\/portoponto.com.br\/website\/wp-json\/wp\/v2\/media?parent=183"}],"curies":[{"name":"wp","href":"https:\/\/api.w.org\/{rel}","templated":true}]}}