{"id":185,"date":"2015-01-20T00:40:10","date_gmt":"2015-01-20T00:40:10","guid":{"rendered":"http:\/\/pexetothemes.com\/demos\/story_demos\/business\/?page_id=9"},"modified":"2022-06-01T12:25:38","modified_gmt":"2022-06-01T15:25:38","slug":"solucoes","status":"publish","type":"page","link":"http:\/\/portoponto.com.br\/website\/solucoes\/","title":{"rendered":"Solu\u00e7\u00f5es"},"content":{"rendered":"<div class=\"services-wrapper services-icon cols-wrapper cols-4 pexeto-parallax\"><div class=\"services-box col\"><a href=\"http:\/\/portoponto.com.br\/website\/sistemas-de-seguranca\/\"><div class=\"img-container\"><img decoding=\"async\" src=\"http:\/\/portoponto.com.br\/website\/wp-content\/uploads\/2022\/05\/security_icon-130x130.png\" alt=\"Sistemas de Seguran\u00e7a\"\/><\/div><\/a><div class=\"services-content\"><div class=\"sc-wraper\"><h3><a href=\"http:\/\/portoponto.com.br\/website\/sistemas-de-seguranca\/\">Sistemas de Seguran\u00e7a<\/a><\/h3><\/div><\/div><\/div><div class=\"services-box col\"><a href=\"http:\/\/portoponto.com.br\/website\/automacao\/\"><div class=\"img-container\"><img decoding=\"async\" src=\"http:\/\/portoponto.com.br\/website\/wp-content\/uploads\/2022\/05\/automation_icon-130x130.png\" alt=\"Automa\u00e7\u00e3o\"\/><\/div><\/a><div class=\"services-content\"><div class=\"sc-wraper\"><h3><a href=\"http:\/\/portoponto.com.br\/website\/automacao\/\">Automa\u00e7\u00e3o<\/a><\/h3><\/div><\/div><\/div><div class=\"services-box col\"><div class=\"img-container\"><img decoding=\"async\" src=\"http:\/\/portoponto.com.br\/website\/wp-content\/uploads\/2022\/05\/comunication_icon-130x130.png\" alt=\"Sistemas de Comunica\u00e7\u00e3o\"\/><\/div><div class=\"services-content\"><div class=\"sc-wraper\"><h3>Sistemas de Comunica\u00e7\u00e3o<\/h3><\/div><\/div><\/div><div class=\"services-box col nomargin\"><a href=\"http:\/\/portoponto.com.br\/website\/cabeamento-estruturado\/\"><div class=\"img-container\"><img decoding=\"async\" src=\"http:\/\/portoponto.com.br\/website\/wp-content\/uploads\/2022\/05\/datacable_transfer_icon-130x130.png\" alt=\"Redes e Cabeamento Estruturado\"\/><\/div><\/a><div class=\"services-content\"><div class=\"sc-wraper\"><h3><a href=\"http:\/\/portoponto.com.br\/website\/cabeamento-estruturado\/\">Redes e Cabeamento Estruturado<\/a><\/h3><\/div><\/div><\/div><div class=\"services-box col\"><a href=\"http:\/\/portoponto.com.br\/website\/sistemas-de-deteccao-de-incendio\/\"><div class=\"img-container\"><img decoding=\"async\" src=\"http:\/\/portoponto.com.br\/website\/wp-content\/uploads\/2022\/05\/2324139_alarm_fire_prevention_protection_safe_icon-130x130.png\" alt=\"Sistema de Detec\u00e7\u00e3o de Inc\u00eandio\"\/><\/div><\/a><div class=\"services-content\"><div class=\"sc-wraper\"><h3><a href=\"http:\/\/portoponto.com.br\/website\/sistemas-de-deteccao-de-incendio\/\">Sistema de Detec\u00e7\u00e3o de Inc\u00eandio<\/a><\/h3><\/div><\/div><\/div><div class=\"services-box col\"><a href=\"http:\/\/portoponto.com.br\/website\/locacoes-e-manutencoes\/\"><div class=\"img-container\"><img decoding=\"async\" src=\"http:\/\/portoponto.com.br\/website\/wp-content\/uploads\/2022\/05\/manutencao_icon-130x130.png\" alt=\"Loca\u00e7\u00e3o e Manuten\u00e7\u00e3o\"\/><\/div><\/a><div class=\"services-content\"><div class=\"sc-wraper\"><h3><a href=\"http:\/\/portoponto.com.br\/website\/locacoes-e-manutencoes\/\">Loca\u00e7\u00e3o e Manuten\u00e7\u00e3o<\/a><\/h3><\/div><\/div><\/div><div class=\"services-box col nomargin\"><div class=\"img-container\"><img decoding=\"async\" src=\"http:\/\/portoponto.com.br\/website\/wp-content\/uploads\/2022\/05\/construction_icon-130x130.png\" alt=\"Acesso a conteineres e obra\"\/><\/div><div class=\"services-content\"><div class=\"sc-wraper\"><h3>Acesso a conteineres e obra<\/h3><\/div><\/div><\/div><div class=\"clear\"><\/div><\/div>\n<div class=\"section-full-width section-dark\" style=\"background-color:#252525;\" id=\"emtodoterrit\u00f3rionacional\"><div class=\"section-boxed\" style=\"color:#ffffff;\"><h2 class=\"section-title\" style=\"color:#ffffff;\">Em todo territ\u00f3rio nacional<\/h2><\/p>\n<h5 style=\"text-align: center;\">A Porto Ponto sempre presente, atendendo renomadas empresas nacionais e internacionais<\/h5>\n<p>\n<\/div><\/div>\n","protected":false},"excerpt":{"rendered":"","protected":false},"author":1,"featured_media":0,"parent":0,"menu_order":0,"comment_status":"open","ping_status":"open","template":"template-full-custom.php","meta":{"footnotes":""},"class_list":["post-185","page","type-page","status-publish","hentry"],"_links":{"self":[{"href":"http:\/\/portoponto.com.br\/website\/wp-json\/wp\/v2\/pages\/185","targetHints":{"allow":["GET"]}}],"collection":[{"href":"http:\/\/portoponto.com.br\/website\/wp-json\/wp\/v2\/pages"}],"about":[{"href":"http:\/\/portoponto.com.br\/website\/wp-json\/wp\/v2\/types\/page"}],"author":[{"embeddable":true,"href":"http:\/\/portoponto.com.br\/website\/wp-json\/wp\/v2\/users\/1"}],"replies":[{"embeddable":true,"href":"http:\/\/portoponto.com.br\/website\/wp-json\/wp\/v2\/comments?post=185"}],"version-history":[{"count":21,"href":"http:\/\/portoponto.com.br\/website\/wp-json\/wp\/v2\/pages\/185\/revisions"}],"predecessor-version":[{"id":390,"href":"http:\/\/portoponto.com.br\/website\/wp-json\/wp\/v2\/pages\/185\/revisions\/390"}],"wp:attachment":[{"href":"http:\/\/portoponto.com.br\/website\/wp-json\/wp\/v2\/media?parent=185"}],"curies":[{"name":"wp","href":"https:\/\/api.w.org\/{rel}","templated":true}]}}