{"id":251,"date":"2022-03-30T11:03:35","date_gmt":"2022-03-30T14:03:35","guid":{"rendered":"http:\/\/portoponto.com.br\/website\/?page_id=251"},"modified":"2022-06-06T13:26:35","modified_gmt":"2022-06-06T16:26:35","slug":"sistemas-de-seguranca","status":"publish","type":"page","link":"http:\/\/portoponto.com.br\/website\/sistemas-de-seguranca\/","title":{"rendered":"Sistemas de seguran\u00e7a"},"content":{"rendered":"<blockquote>\n<h3 style=\"text-align: left;\"><strong>\u00c9 evidente a necessidade de se ter um projeto de seguran\u00e7a e o acompanhamento profissional antes e durante a sua implementa\u00e7\u00e3o, para atender condi\u00e7\u00f5es como:<\/strong><\/h3>\n<ul>\n<li>A real avalia\u00e7\u00e3o e gest\u00e3o do risco;<\/li>\n<li>Especifica\u00e7\u00f5es de seguran\u00e7a conformidade com as normas;<\/li>\n<li>Responsabilidade t\u00e9cnica de profissionais habilitados;<\/li>\n<li>Monitoramento;<\/li>\n<li>Avalia\u00e7\u00e3o e conting\u00eancias em casos de falhas ou situa\u00e7\u00f5es de risco.<\/li>\n<\/ul>\n<\/blockquote>\n<p>&nbsp;<\/p>\n<div class=\"services-wrapper services-icon cols-wrapper cols-3 pexeto-parallax\"><div class=\"services-box col\"><a href=\"http:\/\/portoponto.com.br\/website\/controles-de-acesso\/\"><div class=\"img-container\"><img decoding=\"async\" src=\"http:\/\/portoponto.com.br\/website\/wp-content\/uploads\/2022\/06\/controle-de-acesso-130x130.png\" alt=\"Controle de Acesso\"\/><\/div><\/a><div class=\"services-content\"><div class=\"sc-wraper\"><h3><a href=\"http:\/\/portoponto.com.br\/website\/controles-de-acesso\/\">Controle de Acesso<\/a><\/h3><\/div><\/div><\/div><div class=\"services-box col\"><a href=\"http:\/\/portoponto.com.br\/website\/alarmes\/\"><div class=\"img-container\"><img decoding=\"async\" src=\"http:\/\/portoponto.com.br\/website\/wp-content\/uploads\/2022\/06\/alarm-130x130.png\" alt=\"Alarmes\"\/><\/div><\/a><div class=\"services-content\"><div class=\"sc-wraper\"><h3><a href=\"http:\/\/portoponto.com.br\/website\/alarmes\/\">Alarmes<\/a><\/h3><\/div><\/div><\/div><div class=\"services-box col nomargin\"><a href=\"http:\/\/portoponto.com.br\/website\/cameras-cftvs\/\"><div class=\"img-container\"><img decoding=\"async\" src=\"http:\/\/portoponto.com.br\/website\/wp-content\/uploads\/2022\/06\/CFTV-130x130.png\" alt=\"C\u00e2meras\/CFTV\"\/><\/div><\/a><div class=\"services-content\"><div class=\"sc-wraper\"><h3><a href=\"http:\/\/portoponto.com.br\/website\/cameras-cftvs\/\">C\u00e2meras\/CFTV<\/a><\/h3><\/div><\/div><\/div><div class=\"clear\"><\/div><\/div>\n","protected":false},"excerpt":{"rendered":"<p>\u00c9 evidente a necessidade de se ter um projeto de seguran\u00e7a e o acompanhamento profissional antes e durante a sua [&hellip;]<\/p>\n","protected":false},"author":1,"featured_media":0,"parent":0,"menu_order":0,"comment_status":"closed","ping_status":"closed","template":"","meta":{"footnotes":""},"class_list":["post-251","page","type-page","status-publish","hentry"],"_links":{"self":[{"href":"http:\/\/portoponto.com.br\/website\/wp-json\/wp\/v2\/pages\/251","targetHints":{"allow":["GET"]}}],"collection":[{"href":"http:\/\/portoponto.com.br\/website\/wp-json\/wp\/v2\/pages"}],"about":[{"href":"http:\/\/portoponto.com.br\/website\/wp-json\/wp\/v2\/types\/page"}],"author":[{"embeddable":true,"href":"http:\/\/portoponto.com.br\/website\/wp-json\/wp\/v2\/users\/1"}],"replies":[{"embeddable":true,"href":"http:\/\/portoponto.com.br\/website\/wp-json\/wp\/v2\/comments?post=251"}],"version-history":[{"count":24,"href":"http:\/\/portoponto.com.br\/website\/wp-json\/wp\/v2\/pages\/251\/revisions"}],"predecessor-version":[{"id":434,"href":"http:\/\/portoponto.com.br\/website\/wp-json\/wp\/v2\/pages\/251\/revisions\/434"}],"wp:attachment":[{"href":"http:\/\/portoponto.com.br\/website\/wp-json\/wp\/v2\/media?parent=251"}],"curies":[{"name":"wp","href":"https:\/\/api.w.org\/{rel}","templated":true}]}}