{"id":261,"date":"2022-03-30T12:56:03","date_gmt":"2022-03-30T15:56:03","guid":{"rendered":"http:\/\/portoponto.com.br\/website\/?page_id=261"},"modified":"2022-06-06T13:01:48","modified_gmt":"2022-06-06T16:01:48","slug":"controles-de-acesso","status":"publish","type":"page","link":"http:\/\/portoponto.com.br\/website\/controles-de-acesso\/","title":{"rendered":"Controles de Acesso"},"content":{"rendered":"<div>\n<blockquote>\n<h4><strong>Utilizamos marcas renomadas do mercado nacional e internacional para garantir a funcionalidade e vida \u00fatil dos sistemas.<\/strong><\/h4>\n<\/blockquote>\n<div class=\"cols-wrapper cols-2\">\n<div class=\"col\">\n<p><a class=\"lightbox-image\" title=\"\" data-rel=\"lightbox\"><img loading=\"lazy\" decoding=\"async\" class=\"img-frame aligncenter\" src=\"http:\/\/portoponto.com.br\/website\/wp-content\/uploads\/2022\/03\/IMG_0806-scaled.jpg\" width=\"569\" height=\"759\" \/><\/a><\/p>\n<\/div>\n<div class=\"col nomargin\">\n<blockquote><p>&nbsp;<\/p><\/blockquote>\n<ul>\n<li><strong>Controles de acesso<\/strong>\n<ul>\n<li>Controle de Pedestres<\/li>\n<li>Controle de Ve\u00edculos<\/li>\n<li>Controle de Ativos<\/li>\n<\/ul>\n<\/li>\n<\/ul>\n<p>&nbsp;<\/p>\n<ul>\n<li><strong>Controle de acesso para a constru\u00e7\u00e3o civil \u2013 Acesso a canteiros de obras <\/strong>\n<ul>\n<li>Temos as solu\u00e7\u00f5es completas para acessar um canteiro de obras garantindo com isto que somente pessoas autorizadas acessem o local. Hoje o controle manual est\u00e1 se tornando impratic\u00e1vel e tem gerado problemas jur\u00eddicos para construtoras e incorporadoras.<\/li>\n<\/ul>\n<\/li>\n<\/ul>\n<p>&nbsp;<\/p>\n<ul>\n<li><strong>Principais benef\u00edcios<\/strong>\n<ul>\n<li>Baseado em software WEB toda a documenta\u00e7\u00e3o e gest\u00e3o de pessoal como controle, valida\u00e7\u00e3o de documentos e das NRs se faz de forma automatizada.<br \/>\nCom isto a documenta\u00e7\u00e3o sempre estar\u00e1 em dia contra irregularidade numa fiscaliza\u00e7\u00e3o, otimizando tempo e registro nas informa\u00e7\u00f5es<\/li>\n<\/ul>\n<\/li>\n<\/ul>\n<p>&nbsp;<\/p>\n<ul>\n<li style=\"list-style-type: none;\">\n<ul>\n<li style=\"list-style-type: none;\">\n<ul>\n<li style=\"list-style-type: none;\">\n<ul>\n<li>Atualmente os sistemas mais comercializados s\u00e3o?\n<ul>\n<li>Sistemas de reconhecimento facial com ou sem temperatura<\/li>\n<li>Sistemas de tags RFID<\/li>\n<li>Sistemas biom\u00e9tricos<\/li>\n<li>Sistemas de abertura remota (portarias virtuais)<\/li>\n<\/ul>\n<\/li>\n<\/ul>\n<\/li>\n<\/ul>\n<\/li>\n<\/ul>\n<\/li>\n<\/ul>\n<p>&nbsp;<\/p>\n<blockquote><p><strong>Todos os sistemas s\u00e3o planejados para atender \u00e0s necessidades dos nossos clientes.<\/strong><\/p><\/blockquote>\n<\/div>\n<\/div>\n<\/div>\n<div><\/div>\n<div><\/div>\n<div><\/div>\n","protected":false},"excerpt":{"rendered":"<p>Utilizamos marcas renomadas do mercado nacional e internacional para garantir a funcionalidade e vida \u00fatil dos sistemas. &nbsp; Controles de [&hellip;]<\/p>\n","protected":false},"author":1,"featured_media":0,"parent":0,"menu_order":0,"comment_status":"closed","ping_status":"closed","template":"","meta":{"footnotes":""},"class_list":["post-261","page","type-page","status-publish","hentry"],"_links":{"self":[{"href":"http:\/\/portoponto.com.br\/website\/wp-json\/wp\/v2\/pages\/261","targetHints":{"allow":["GET"]}}],"collection":[{"href":"http:\/\/portoponto.com.br\/website\/wp-json\/wp\/v2\/pages"}],"about":[{"href":"http:\/\/portoponto.com.br\/website\/wp-json\/wp\/v2\/types\/page"}],"author":[{"embeddable":true,"href":"http:\/\/portoponto.com.br\/website\/wp-json\/wp\/v2\/users\/1"}],"replies":[{"embeddable":true,"href":"http:\/\/portoponto.com.br\/website\/wp-json\/wp\/v2\/comments?post=261"}],"version-history":[{"count":10,"href":"http:\/\/portoponto.com.br\/website\/wp-json\/wp\/v2\/pages\/261\/revisions"}],"predecessor-version":[{"id":430,"href":"http:\/\/portoponto.com.br\/website\/wp-json\/wp\/v2\/pages\/261\/revisions\/430"}],"wp:attachment":[{"href":"http:\/\/portoponto.com.br\/website\/wp-json\/wp\/v2\/media?parent=261"}],"curies":[{"name":"wp","href":"https:\/\/api.w.org\/{rel}","templated":true}]}}